 47574562?
True
Does 192 divide 32518848?
True
Does 6 divide 53769612?
True
Is 925 a factor of 87798225?
True
Is 83507307 a multiple of 1834?
False
Is 855732359 a multiple of 4993?
False
Does 984 divide 3621599208?
True
Does 2040 divide 177095753?
False
Is 278 a factor of 70506059?
False
Does 35 divide 1649951275?
True
Does 63 divide 311861725?
False
Is 161500103 a multiple of 12?
False
Is 4029238052 a multiple of 4718?
True
Is 412637792 a multiple of 99?
False
Does 57 divide 12885715?
False
Does 628 divide 15766568?
True
Is 16 a factor of 31802976?
True
Is 3 a factor of 1278916876?
False
Is 274321475 a multiple of 3805?
True
Does 94 divide 5038794142?
True
Does 59 divide 202482812?
False
Is 4 a factor of 104202688?
True
Is 179894032 a multiple of 824?
True
Is 246334968 a multiple of 11?
True
Is 306 a factor of 111779352?
True
Does 701 divide 17209550?
True
Is 65 a factor of 40840280?
True
Does 320 divide 106752640?
True
Is 224996986 a multiple of 1796?
False
Does 48 divide 12052990?
False
Does 4 divide 491480556?
True
Is 2760 a factor of 93696869?
False
Is 787329220 a multiple of 5596?
True
Is 401314978 a multiple of 6919?
False
Is 71409242 a multiple of 99?
False
Is 14687041 a multiple of 24?
False
Does 1495 divide 475812155?
True
Is 4589 a factor of 78990457?
True
Is 1457 a factor of 2674574104?
True
Does 539 divide 313533066?
True
Is 66467130 a multiple of 5510?
True
Is 1224272567 a multiple of 4447?
False
Is 1460464032 a multiple of 76?
True
Is 114 a factor of 2162500656?
True
Is 10 a factor of 5004199?
False
Is 642178939 a multiple of 10?
False
Is 20529252 a multiple of 3406?
False
Is 49 a factor of 218958509?
True
Does 3 divide 20861937?
True
Does 135 divide 1811978476?
False
Is 1640773349 a multiple of 306?
False
Is 388 a factor of 2135531048?
True
Is 53183546 a multiple of 2587?
True
Is 57 a factor of 1356449862?
True
Does 444 divide 426117022?
False
Is 3954402444 a multiple of 312?
False
Is 44 a factor of 344302464?
True
Is 159 a factor of 4977336?
True
Is 9 a factor of 351425392?
False
Does 8 divide 2697497216?
True
Is 37 a factor of 22224679?
True
Does 41 divide 3009851?
True
Does 1987 divide 1468983139?
True
Does 19 divide 1576218145?
False
Does 2 divide 65042327?
False
Is 10932699 a multiple of 2?
False
Is 13287890 a multiple of 5?
True
Is 1862 a factor of 1254241580?
False
Does 345 divide 118740720?
True
Is 56 a factor of 2439640?
True
Is 6 a factor of 143963440?
False
Is 2783833652 a multiple of 6499?
True
Is 114 a factor of 15023946?
True
Is 65316158 a multiple of 1198?
True
Is 16 a factor of 161970109?
False
Does 115 divide 1785702405?
True
Is 25036659 a multiple of 9?
True
Is 746523263 a multiple of 74?
False
Is 115287755 a multiple of 5?
True
Is 293 a factor of 471330348?
True
Is 1330964741 a multiple of 61?
False
Does 2409 divide 407655760?
False
Does 5401 divide 432339863?
False
Is 1793 a factor of 14996652?
True
Does 286 divide 1003288?
True
Is 7980016 a multiple of 16?
True
Does 52 divide 59819500?
True
Does 2 divide 15919039?
False
Does 972 divide 208724364?
True
Is 147532896 a multiple of 42?
True
Does 23 divide 119400993?
False
Is 1104 a factor of 135706264?
False
Does 285 divide 26111288?
False
Is 313 a factor of 1594735?
True
Is 50 a factor of 5506400?
True
Is 122 a factor of 51294534?
True
Is 2 a factor of 157852895?
False
Does 15 divide 25958888?
False
Is 886227248 a multiple of 4328?
True
Is 2351 a factor of 21999886?
False
Is 21480119 a multiple of 10?
False
Is 278 a factor of 48543631?
False
Is 45221976 a multiple of 2052?
True
Is 26 a factor of 2488385?
False
Is 36433072 a multiple of 856?
True
Is 16609653 a multiple of 43?
True
Does 3804 divide 209528124?
True
Does 2434 divide 36485168?
False
Does 351 divide 4121265079?
False
Is 16679343 a multiple of 1091?
False
Is 17 a factor of 406079791?
False
Is 2083 a factor of 93413732?
False
Does 21 divide 432817692?
False
Is 662 a factor of 626508856?
True
Does 161 divide 22176244?
False
Is 1625 a factor of 59303818?
False
Does 160 divide 33879641?
False
Does 66 divide 327528561?
False
Does 10 divide 177900574?
False
Does 402 divide 185545362?
False
Does 1321 divide 32599638?
True
Is 308656011 a multiple of 782?
False
Is 2306 a factor of 2501612671?
False
Is 20049381 a multiple of 239?
False
Does 34 divide 4062592?
True
Is 11930 a factor of 2792949446?
False
Is 16 a factor of 247041088?
True
Is 1331 a factor of 102827736?
True
Does 6721 divide 676516375?
False
Is 188056326 a multiple of 23?
True
Is 6 a factor of 5353728?
True
Does 2 divide 224562173?
False
Is 12059744 a multiple of 16?
True
Does 13 divide 44152667?
True
Is 11253737 a multiple of 11?
True
Does 4 divide 899112024?
True
Is 567 a factor of 413390?
False
Is 18557115 a multiple of 264?
False
Is 38871294 a multiple of 11?
True
Does 126 divide 1021496868?
True
Does 2637 divide 3655200211?
False
Is 32266921 a multiple of 1202?
False
Does 33 divide 1316312?
False
Does 910 divide 783167433?
False
Does 241 divide 235847420?
True
Does 19 divide 15469553?
True
Is 28324602 a multiple of 1074?
True
Is 652161890 a multiple of 69?
False
Does 75 divide 317921775?
True
Is 18497544 a multiple of 891?
False
Is 7631370 a multiple of 90?
True
Is 30 a factor of 21590520?
True
Does 6 divide 12549440?
False
Does 957 divide 94693236?
True
Is 324 a factor of 29955096?
True
Is 24 a factor of 253778550?
False
Is 848556285 a multiple of 119?
False
Does 6 divide 820879958?
False
Is 90714618 a multiple of 34?
True
Is 19728497 a multiple of 106?
False
Does 26 divide 4056200798?
True
Does 227 divide 1613677603?
False
Does 20 divide 797282660?
True
Does 30 divide 1037851830?
True
Does 60 divide 180513721?
False
Does 14 divide 232002066?
False
Is 944 a factor of 12591244?
False
Is 13 a factor of 606627504?
False
Is 54007624 a multiple of 15?
False
Does 42 divide 3900211939?
False
Is 939659382 a multiple of 498?
False
Is 2 a factor of 765593?
False
Is 78 a factor of 536471832?
True
Is 23 a factor of 220004637?
True
Is 74 a factor of 50813209?
False
Is 1469393100 a multiple of 105?
True
Does 2220 divide 3451675903?
False
Is 53038626 a multiple of 468?
False
Does 21 divide 271760?
False
Does 6323 divide 2641150096?
False
Is 11 a factor of 218593422?
False
Does 89 divide 505072050?
False
Does 24 divide 2014099336?
False
Does 4043 divide 492372712?
True
Is 20328372 a multiple of 61?
True
Is 1721467993 a multiple of 14?
False
Does 27 divide 4321354?
False
Is 18 a factor of 90111529?
False
Is 309413660 a multiple of 160?
False
Is 6040089 a multiple of 243?
False
Does 928 divide 150776800?
True
Is 860995504 a multiple of 543?
False
Is 1478930054 a multiple of 838?
True
Does 51 divide 468400065?
True
Does 465 divide 454252455?
True
Does 123 divide 110476990?
False
Is 317 a factor of 30222463?
True
Does 62 divide 5897523576?
True
Is 456 a factor of 91227816?
True
Is 865666396 a multiple of 2066?
True
Is 7227 a factor of 649114686?
True
Does 386 divide 520638045?
False
Is 35 a factor of 158297790?
True
Does 3911 divide 478647735?
True
Is 4311 a factor of 338611806?
True
Does 16 divide 6232640?
True
Is 132 a factor of 1517736?
True
Is 16462962 a multiple of 178?
False
Is 75309139 a multiple of 130?
False
Is 562 a factor of 12176854?
True
Is 309 a factor of 829404513?
True
Is 61 a factor of 304807924?
False
Does 1285 divide 21257620?
False
Does 1224 divide 126513883?
False
Is 127275981 a multiple of 343?
True
Is 13802917 a multiple of 5?
False
Is 19 a factor of 31784834?
True
Is 305399075 a multiple of 41?
False
Is 1194661969 a multiple of 542?
False
Does 11302 divide 1770028824?
True
Does 99 divide 368754303?
False
Is 5 a factor of 23410350?
True
Does 37 divide 268614820?
True
Is 1710629446 a multiple of 4802?
False
Is 28 a factor of 3314729308?
False
Is 246 a factor of 1956484986?
True
Does 259 divide 15252948?
False
Is 19 a factor of 4268080375?
False
Is 18 a factor of 3211063656?
False
Is 54 a factor of 14414598?
True
Is 77052659 a multiple of 249?
False
Does 138 divide 2569912452?
True
Is 56865730 a multiple of 1576?
False
Is 6 a factor of 4038246?
True
Does 5 divide 336668465?
True
Is 3357576 a multiple of 34?
False
Is 79082042 a multiple of 13?
True
Is 47 a factor of 366649162?
True
Is 1537619461 a multiple of 49?
True
Is 20 a factor of 